 g?
5
Let r = -4150 + 4759. Let a = -854 + 451. Let n = a + r. What is the units digit of n?
6
Let c = 21781 - 15250. What is the hundreds digit of c?
5
Let s(r) = 2*r - 36. Let y be s(17). Let v be ((-10)/(-15))/(y/(-423)). Let n = v - 73. What is the units digit of n?
8
Let i = 96 + -100. Let b = i + 5. What is the hundreds digit of 36/(-48)*(0 + b + -317)?
2
Suppose -11 = -3*u + 49. Let v = -12 + u. Suppose 3*b = 5*b - v, 5*d - 5*b - 210 = 0. What is the tens digit of d?
4
Let z(i) = 640*i. Let m be z(-1). Let b = m + 932. What is the tens digit of b?
9
What is the units digit of 26/(-9)*(-17115)/10 + (-1)/3?
4
Suppose 2557 = -8*c - 2051. Let i = c - -998. What is the tens digit of i?
2
Let r(z) = -8*z + 21. Let f be r(2). Suppose 0 = -0*q + 5*q + 2*y - 2440, 0 = f*y - 25. What is the hundreds digit of q?
4
Let j be 492*1/4*2. Let s = -144 + j. What is the hundreds digit of s?
1
Let t(u) = 7*u**2 - 3*u + 5. Let s be t(5). Suppose 3*i = o - 21, 78*o - 32 = 76*o + 4*i. Suppose -9*m = -o*m - s. What is the units digit of m?
5
Let y be -9 + 14 - (-2 - -5). Suppose -5*k + 2*c = -28, y*k = 5*k + 4*c + 4. Suppose r + r + 3*j - 17 = 0, -k*j - 68 = -3*r. What is the tens digit of r?
1
Let m be 18/(-21) - 10754/(-133). Suppose -93*k = -m*k - 13390. What is the tens digit of k?
3
Let h(g) = 10*g + 16. Let u be h(-3). Let w(j) = j**3 + 13*j**2 - 16*j - 24. Let y be w(u). What is the hundreds digit of 1/(-2) + 930/y?
2
Let f(k) = k**2 - 26*k - 198. Let b be f(-7). Suppose p + b*h - 38*h = 1251, 5*h = 5*p - 6155. What is the tens digit of p?
2
Suppose 171 = 4*h - 345. Let f(u) = -59*u + 73. Let l be f(-2). Let o = l - h. What is the tens digit of o?
6
Let c(m) = 6 - 2*m**2 - 42*m**3 + m**2 + 36*m**3 + m. Let k(u) = -19*u**3 - 2*u**2 + 2*u + 17. Let y(p) = 8*c(p) - 3*k(p). What is the units digit of y(2)?
5
Suppose -3*t + 220 = 175. What is the tens digit of (-114)/t*(-1740)/24?
5
Let r be (3/(-5))/(4/(-15100)). Suppose -8*t + r = 489. What is the units digit of t?
2
Suppose 6*w - 32 - 10 = 0. Suppose 0*l - w*l + 21 = 0. Suppose 0*y - l*y = -5*k - 223, -3*y - 2*k + 230 = 0. What is the tens digit of y?
7
Suppose -t - 24 = -3*u + 11, -3 = -3*t. What is the units digit of 1887*u/16*(-32)/(-72)?
9
Let q be (-70869)/12*4/(3 - 4). Suppose 34*r = -5909 + q. What is the units digit of r?
1
Let j = -154 - -146. Let c be (-3)/(-1) + j - -33. Suppose 7*t - 3*t = v - 7, -c = -4*v - 2*t. What is the units digit of v?
7
Suppose 4*c = 5*c - 2809. Suppose -807 = -2*z + s + 596, 4*z - 3*s - c = 0. What is the units digit of z?
0
Let d = 20369 - -1641. What is the hundreds digit of d?
0
Suppose n = 2*y - 7, -3*y - 2*n = -6*y + 10. Suppose y*z + 1282 = -d - d, 3*d + 1603 = -5*z. Let r = z + 450. What is the tens digit of r?
3
Let y(s) = 68*s**2 - 15*s - 48. What is the units digit of y(-6)?
0
Suppose -19 = 2*n - 5*b - 17, -2*n + 16 = 4*b. Suppose -24*w + n*w + 2060 = 0. What is the tens digit of w?
0
Let j = 88 + -64. Suppose -4*r = 2*s - j, r = -0*r + s + 6. Suppose -r*v + 474 = 42. What is the tens digit of v?
7
Let x(c) = -c**3 - 9*c**2 - 3*c - 20. Let b be x(-9). Suppose t - b*t = -138. Suppose -t = -2*l + 157. What is the tens digit of l?
9
Let v(j) = -j**2 + 9*j - 10. Let m be v(7). Suppose 0 = -2*k + 5*p, -3*k + m*p = -p - 5. Let i = k + 12. What is the units digit of i?
7
Let v(i) = 19*i - 9. Suppose -25*j + 12 = -21*j. Suppose -d + 0*d + 16 = s, -4*s = -j*d - 50. What is the tens digit of v(s)?
5
Suppose -38*n + 12 = -37*n. Suppose -2*x = -5*x - 5*h - 26, -2*h = 2*x + n. What is the hundreds digit of -2 + 5 - 97*x?
1
Suppose 0 = -m + 6 - 4. Suppose -670 = -4*u - m*i, 11*u - 6*u = -i + 845. What is the units digit of u?
0
Let y(r) = -109*r + 64*r + 72*r - 67. What is the hundreds digit of y(14)?
3
Let d(w) = 16*w + 2. Let p be d(1). Let x(q) = 0*q**2 - q**2 + 230 + 21*q - 239. What is the units digit of x(p)?
5
What is the ten thousands digit of -80077*(-3 + -20 + 22)?
8
Suppose -2*x + 4761 = -g, -720*g = -5*x - 724*g + 11935. What is the units digit of x?
3
Let y be (-2 - 791/5)/((-31)/155). Let r = y + -159. What is the units digit of r?
2
Let k(b) be the first derivative of -7 - 7/2*b**2 + 2/3*b**3 - 12*b. What is the units digit of k(6)?
8
Suppose x + 3*i - 24833 = 0, -i + 124095 = 35*x - 30*x. What is the ten thousands digit of x?
2
Let l be -12*13*13/(-26). Let q = l - 86. What is the units digit of -4 + (-44)/q + (-36)/(-8)?
6
Let c(x) = -x**2 + 2*x. Let h(f) = 9*f**2 - 24*f + 55. Let i(a) = -5*c(a) + h(a). What is the units digit of i(8)?
9
Let o(d) = 500*d**2 + 116*d - 47. What is the ten thousands digit of o(7)?
2
Suppose 17*j - 100807 = -1629. What is the units digit of j?
4
Let t be (-1342)/(-14) - 45/(-315). What is the units digit of (8 - t/8) + 919?
5
Suppose 2*y + 163 = 173, z + 2*y = 98465. What is the tens digit of z?
5
Suppose -63*n - 36*n = 12*n - 6549. Suppose -o - 861 = -4*o. Suppose o = 2*r - n. What is the hundreds digit of r?
1
Let x = 42138 - 19578. What is the units digit of x?
0
Suppose -24*f + 29*f + 130 = 0. Suppose -4*m + 52 + 372 = 0. Let y = m + f. What is the tens digit of y?
8
Let f be (-124)/(-28) + -5 - (-117832)/14. Suppose -7*i = -15*i + f. What is the tens digit of i?
5
Suppose -2*g = -2*j + 16194, 0*j + g = -j + 8109. What is the hundreds digit of j?
1
Suppose -46*w = w - 9*w - 926060. What is the units digit of w?
0
Let c = 10101 - -3648. What is the ten thousands digit of c?
1
Suppose -3*p = -2*d - 1006, -4*d + 4*p - 1348 - 660 = 0. Let o = d - -891. What is the tens digit of o?
9
What is the tens digit of (-71)/((-5)/(830/(-4)))*-2?
9
Suppose -b - 4 = 17. Let a = 27 - b. Let s = a - -43. What is the tens digit of s?
9
Let b = -49 - -51. Let l be b - (-3)/(12/8). Suppose 0*d - 752 = -l*d. What is the hundreds digit of d?
1
Let a = -695 + 1329. What is the hundreds digit of a?
6
Suppose -4*u + 12 = 0, x = -153*u + 156*u + 15770. What is the tens digit of x?
7
Suppose 0 = 2*j + 12, n + 211*j = 213*j + 65530. What is the units digit of n?
8
Suppose -5 = -5*c, -p + 0*p - 3*c + 40 = 0. Let d = p - 34. Let a(g) = 10*g**2 - 3*g + 11. What is the units digit of a(d)?
2
Let w(l) = -l**3 + l**2 + l + 1. Let d(j) = j**3 + 20*j**2 + 19*j - 1. Let r be d(-19). Let u be w(r). What is the units digit of (-195)/(-3) - (u*-1)/2?
6
Suppose -2*f - 64092 = -a - 9561, 3*a - 163583 = -4*f. What is the thousands digit of a?
4
Suppose -16*y = 14*y - 31*y. Suppose -2*c + l + 608 = -430, y = 5*c + 2*l - 2595. What is the units digit of c?
9
Suppose -2*l + 61 = 57. Suppose 4*q = 2*x - 24, 2*q + 32 = -3*q + l*x. Let z(c) = -c**3 - 9*c**2 - 10*c + 5. What is the tens digit of z(q)?
2
Let z = 245 - 271. What is the tens digit of -3 + z/(-8) - (-1676)/16?
0
Let z(s) be the third derivative of -s**5/5 + s**4/24 + s**3/2 + s**2. Let u be z(4). Let h = u - -265. What is the units digit of h?
0
Let u(y) = 2182*y**2 + 11*y - 3. Let h be u(3). Suppose -23*k = -35*k + h. What is the tens digit of k?
3
Suppose 5*z = -2*y + 72602, 4*y - 50626 = -5*z + 94598. What is the ten thousands digit of y?
3
Let s(r) = -27*r**3 + 2*r**2 - 3*r - 2. Let z be s(-2). Let t = 11 - 8. Suppose x = -t*x + z. What is the units digit of x?
7
What is the thousands digit of -3*79765/(-63) + (-2)/6?
3
Suppose 2 = k - 15*n + 12*n, 0 = -k - 2*n + 7. Suppose 15*z = 17*z + k*q - 2054, -z + 1018 = -2*q. What is the units digit of z?
2
Let v(z) = -2655*z - 506. What is the thousands digit of v(-33)?
7
Let d be (96/(-40))/((-9)/(-60)). Let b(k) = -k**3 - 16*k**2 - k - 15. Let g be b(d). What is the units digit of (g*-2)/(28/8 - 4)?
4
Suppose 13202 - 4073 = 2*k - l, 5*k - 22833 = -l. What is the thousands digit of k?
4
Suppose -6 = 3*v, -g - 6*v + 3*v - 204 = 0. Let q = 2 - g. What is the tens digit of q?
0
Suppose -y + 8 = 0, 13*z + 5*y = 11*z + 50386. What is the ten thousands digit of z?
2
Let i(q) = 26312*q + 1540. What is the ten thousands digit of i(2)?
5
Let f = -496 + 500. Suppose -z + 611 = 4*l, -2*z - f*l = 128 - 1338. What is the tens digit of z?
9
Let p(q) = 3*q - 17. Let a be p(6). Let c be (-68)/(-16) - a/4. What is the tens digit of c/6 - 1326/(-9)?
4
Suppose -3*j = b - 3 - 4, j - 4 = -2*b. Suppose m + 2*x - 2 = 6, 3*x + 2 = j*m. Suppose t + m = 122. What is the units digit